Give h(-5).
15
Let j = -304 + 299. Let g(h) = 2*h + h**3 + 0 + 9*h**2 + 2 - 4*h**2. Determine g(j).
-8
Let i = 30 + -26. Suppose 0 = i*q - 12, 2*j - 4*j - 2*q = -24. Let u = -5 + j. Let v(g) = g**2 - 5*g + 6. What is v(u)?
2
Let v(g) = 22 - 20 - 102*g + 117*g. Determine v(1).
17
Suppose 24 = 2*x - 38. Suppose 2*p = x + 339. Let t(a) = p - 185 + a + a**2. Give t(-3).
6
Let b be 4/(-6) - 44/(-12). Let s(g) = -g. Let y(c) = -33*c - 5. Let w(u) = -16*u - 2. Let j(l) = 13*w(l) - 6*y(l). Let o(m) = -j(m) + 5*s(m). Give o(b).
11
Let d(o) be the second derivative of o**4/12 - o**3 + 3*o**2/2 + 621*o. Calculate d(5).
-2
Let u(x) = -23*x**2 + 19. Let v(l) = -68*l**2 + 50. Let c(d) = -8*u(d) + 3*v(d). Determine c(-1).
-22
Suppose -10*p = -17*p + 77. Let n(k) = k**3 - 10*k**2 - 10*k - 10. Let m be n(p). Let c(v) = 10*v**3 + v**2 - 1. Give c(m).
10
Let b be -1*(1 - 1) - -4. Suppose -198 + 54 = b*x. Let k be (-14)/(-35) + x/(-10). Let y(z) = z**2 - 3*z - 5. Calculate y(k).
-1
Let k(j) = 2*j**3 + 3*j**2 + 3*j + 2. Let l(x) = -x**2 + 61*x - 332. Let d be l(55). Calculate k(d).
-8
Let t(j) be the first derivative of -j**3/3 - 3*j**2/2 + 2*j + 205. Suppose 0 = -2*b + 6*b - 8. Suppose 0 = 5*p - 4*z + 37, -z = 2*p + 3*z - b. Calculate t(p).
-8
Let y(k) be the first derivative of -1/3*k**3 + k + 2 + 1/2*k**2. Calculate y(-1).
-1
Suppose s + g - 18 = 4*g, 10 = -2*g. Let i be -2*s*(-6)/36. Let f(u) = -4*u. Determine f(i).
-4
Let o = 738 + -748. Let n(t) = -5*t - 8. Give n(o).
42
Let o(y) = y**2 + 2*y - 2. Let l = 27 - 9. Let j = -593 - -598. Suppose 0*c - 3*n + l = -c, -j*n = -3*c - 34. What is o(c)?
1
Let v(f) be the third derivative of f**4/24 + 2*f**3/3 + 3*f**2. Let a = 1 + 5. Let z be (-1 - 0) + a + -5. Give v(z).
4
Suppose -240 = -0*d - 6*d. Let v = 7 - d. Let j = -27 - v. Let o(t) = 2*t - 6. Determine o(j).
6
Let p(r) = r - 1. Let f(b) = -b**3 + 3*b**2 + 4*b + 2. Let m be f(4). Let v(j) = 2 - m + j - j**2 + 0*j**2 - 4. Let t(u) = -5*p(u) + v(u). Calculate t(-4).
1
Let k(p) = -p**3 - p**2 + 4*p. Suppose -31 = 18*c + 23. Calculate k(c).
6
Suppose 0 = -4*m + 58 + 38. Let w(p) = -p**2 - 19*p + 7. Let r be w(-18). Let z = r - m. Let i(a) = -12*a. Determine i(z).
-12
Let n(b) = -4*b - 7. Let m(k) be the first derivative of -k - 14. Let g(u) = -6*m(u) + n(u). Let c be (-2 + (-11)/(-4))*4. Give g(c).
-13
Suppose 5*z - 34 = 3*u - 0*z, -2*u - 4*z + 14 = 0. Let v(r) = -2*r**3 - 5*r**2 - 7. What is v(u)?
2
Let l(x) = -x**2 - 3*x + 5. Let g be l(-3). Let w(k) = -2*k - k**3 - 3*k - 3*k**2 + 2*k**3 - k**2. Give w(g).
0
Let m(c) = -c**3 - c + 1. Let p(s) = 5*s**3 + 4*s**2 + 3*s - 6. Let h(w) = 6*m(w) + p(w). Suppose 2*i + 2 = -4*l, 5*i = l + i - 22. Let r = l + 0. What is h(r)?
2
Let q be (-2 + -1)/(1 + 0). Let s be (-5 - q)*(-2)/4. Let w(t) be the second derivative of 7*t**5/20 - 164*t. Give w(s).
7
Suppose -w + 8 = x, -x - 2*x + 9 = -2*w. Let q be (-8)/((-256)/8) - 2/8. Let v(o) = q*o + 2*o - w*o - 7. What is v(-6)?
-1
Let o(v) = v**2 + 22*v + 67. Let y be o(-18). Let b(z) = z**3 + 4*z**2 - 8*z - 7. Determine b(y).
8
Let x(c) = 2*c**3 - 2*c**2 + 4*c - 10. Let g(r) = -3*r**3 + 3*r**2 - 7*r + 21. Let u(z) = -3*g(z) - 5*x(z). Determine u(0).
-13
Let a(k) be the third derivative of -k**5/60 - 5*k**4/24 + 17*k**3/6 + 146*k**2. Calculate a(-7).
3
Let t = 519 - 523. Let f(k) = -4*k + 4. What is f(t)?
20
Let t(g) = -g**2 + g - 1. Let b(u) = u**3 + 3*u**2 - 2*u - 3. Let y(d) = b(d) - 5*t(d). Give y(-9).
-16
Let s be (-10)/6 + (-10)/(-15). Let i(u) = 3*u + 3. Let o(p) = -p - 4. Let w(v) = 3*i(v) + 2*o(v). Give w(s).
-6
Let q(y) = -1 + 9 + 0*y**3 + 3*y + 8*y**2 + 4*y + y**3. Suppose 8*s - 4*s = -4*m - 12, -m - 2*s + 1 = 0. What is q(m)?
8
Let j = 684 - 686. Let f(l) be the third derivative of l**6/120 + l**5/60 - l**4/24 - l**3/6 + l**2. Determine f(j).
-3
Let t(x) = 9*x**2 - 10*x - 44. Let m(z) = -2*z**2 + z + 7. Let b(f) = 4*m(f) + t(f). What is b(9)?
11
Let r(d) = -5*d**2 - 4. Let c(z) = -6*z**2 + z - 5. Let j(s) = 6*c(s) - 7*r(s). Let f be (0 + 11)/1 + 1. Let q be f/16*(1 - -7). Give j(q).
-2
Let m(g) = -2*g - 2. Let o(p) = -22*p - 10. Let f(w) = 10*m(w) - o(w). Give f(8).
6
Let h(x) = -2*x**2 - 28*x - 28. Let u(l) = -22*l - 13. Let o be u(0). Determine h(o).
-2
Let h = 7 - 3. Suppose -2*q + 4*y - 8 = 2*q, h*q + 5*y - 37 = 0. Suppose -q = -3*i - 0*i. Let n(l) = 6*l**2 - l. What is n(i)?
5
Let p(i) = i**2 - 6*i + 4. Let h = -307 - -311. Give p(h).
-4
Let t(s) = -9*s + 5. Suppose -4*x - 2*g - 20 = -0*x, -2*x - 12 = 2*g. Give t(x).
41
Let k(g) = -g**2 - 4*g + 2. Let u be k(-3). Suppose -2*c + 10 = 3*c. Let i(x) = -48 + 48 + c*x - x. Give i(u).
5
Suppose -4*v = 2*a + 8, v - 2*a - 5 + 12 = 0. Let y(q) = -q. Let w(j) = -2*j + 1. Let g(k) = -4*w(k) + 7*y(k). Determine g(v).
-7
Let d(v) = 5*v - 2. Let p be d(1). Suppose p*s - 17 = -35. Let o(z) = z**3 + 5*z**2 - 4*z + 3. Give o(s).
-9
Let a = 616 - 612. Let h(v) be the second derivative of 1/12*v**a - 3*v + 1/6*v**3 + 3/2*v**2 + 0. Calculate h(-3).
9
Let m(i) = -3*i**3 + 7*i**2 + i**3 + 11 + 6*i + i**3. Let d = 296 + -288. Determine m(d).
-5
Let k(d) = 1 - 2*d - 2*d + d. Suppose -2*m - 5 = 5*g, 4*g - 4*m = -m - 4. Determine k(g).
4
Let n(s) = 1. Let c(z) = -3*z - 1. Let u(q) = -c(q) + 6*n(q). What is u(5)?
22
Suppose 4*s + 1 = 3*s. Let z(u) = u**2 + 0*u**2 - 14*u - 5 + 20*u. Let l(r) = r**2 - r + 1. Let h(o) = 5*l(o) + z(o). Calculate h(s).
5
Let m be 8/(-32) + (-50)/(-8). Suppose 7*b + 4 = 8*b. Suppose -2*o + m*o + b = 0. Let r(w) = -7*w**3 - w. What is r(o)?
8
Let b = 45 + -5. Suppose 5*x + b = -s + 10, -x = s + 6. Let l(q) = 2*q + 5. Calculate l(x).
-7
Let w be 12*(-2 + (-10)/(-4)). Let s(z) be the third derivative of 3*z**2 - 1/6*z**4 - 2/3*z**3 - 1/12*z**5 + 0*z + 1/120*z**6 + 0. What is s(w)?
8
Suppose 699 = 8*v + 675. Let j(t) = -t**3 + 4*t**2 - t - 3. Give j(v).
3
Let n(m) = -m**2 + 4*m. Suppose -2*p = u - p, -2*p = 3*u - 5. Suppose -5*o = 2*q - 20 - 3, 5*o + 5 = u*q. Calculate n(o).
3
Let k(j) be the second derivative of 0 + 5/6*j**3 - 1/12*j**4 - 28*j + 7/2*j**2. Calculate k(5).
7
Let h(b) = 7*b + 4 - b**2 - 9*b - b**3 + 0*b**2 + 2*b**2 - 4*b**2. Suppose -9 = -5*u + 11. Let y = u + -7. Calculate h(y).
10
Let r = -52 + 61. Let l = r - 15. Let b(v) be the second derivative of v**4/12 + 7*v**3/6 + 3*v**2 - v. Calculate b(l).
0
Let v(t) = -4*t**3 - 8*t**2 - 11*t - 5. Let h(z) = z**3 + z - 1. Let c(s) = 3*h(s) + v(s). Give c(-7).
-1
Let g(a) be the first derivative of -7*a**2/2 - 3. Suppose 13*c - 9*c - 68 = 0. Let w = 16 - c. What is g(w)?
7
Let v = 22 - 20. Let b(f) = 0*f**2 - 2*f**2 + 18 + f + f**v - 4. Let t be -1*(0 - -1)*0. Calculate b(t).
14
Let h be ((-70)/(-21))/((-2)/(-3)). Let r(z) = -159*z**2 - 158*z**2 - z**3 + 1 + 480*z**2 + 1 - 158*z**2. What is r(h)?
2
Let t be 153/54 - (-1)/6. Suppose 0*r = -t*r - 9. Let b(v) be the second derivative of v**5/20 + 5*v**4/12 + v**3/3 - v**2 - 6*v. What is b(r)?
10
Suppose -44 = -3*d - 2*n, 5*d - 67 = -2*n + 5. Suppose -4*l + 2*m - 2 = 0, d = -5*l + 4*l + 5*m. Let t(c) = -5*c. What is t(l)?
-5
Let r(g) be the first derivative of g**2 + 1091. Let m(h) = 2*h**3 + 2*h**2 - 2*h. Let v be m(-2). Calculate r(v).
-8
Let c(t) = -20*t - 50. Let u(k) = -19*k - 31. Let v(n) = 7*c(n) - 8*u(n). Determine v(8).
-6
Let j(t) = -4*t**2 + 11*t - 37. Let w(h) = -3*h**2 + 8*h - 25. Let a(g) = 5*j(g) - 7*w(g). What is a(5)?
10
Let m be (18/15)/(2/10). Let k(h) = 2*h + 7. Determine k(m).
19
Suppose -115*t = -133*t + 18. Let s(d) = -18*d**3 - d**2 + 1. What is s(t)?
-18
Suppose u + 6 = -5*q + 13, 2*q = -4*u + 10. Suppose -u*m = -m - 4. Let a(r) = 6 + m*r**2 - r**2 - 4 - 4*r**2 + r**3. Give a(-2).
-10
Let s(w) = -w**2 + 33*w - 2. Let o be s(33). Let f(j) = 3*j. Give f(o).
-6
Suppose 2*n = -0*n + 6. Suppose -n*j + j + 6 = 0. Let y(v) be the first derivative of -2*v**3/3 + 3*v**2/2 + v - 304. Give y(j).
-8
Let x(g) = 7*g**2 - g - 6. Let p(j) = j**2 - j - 3. Let c(f) = -2*p(f) + x(f). Give c(-1).
4
Let v(o) = -8 - o**2 + 3 - 6*o + 3 + 2 + 2. Calculate v(-3).
11
Let y = 0 + -1. Let b(a) be the second derivative of 0*a**2 + 3*a + 0*a**3 - 3/20*a**5 + 0 + 0*a**4. What is b(y)?
3
Let u(h) = -2*h + 21. Let p be u(5). Let t(b) = -12 - b**3 + p + 3*b + b. Calculate t(3).
-16
Let t(b) = -177*b + 15. Let w(o) = -11*